q. Suppose w*d - 1858 = 17574. Is d prime?
False
Suppose 5*r + 5*p + 14513 - 986883 = 0, 4*p = 12. Is r a composite number?
False
Let z be (-74)/333 - (-1 - 63310/18). Suppose z = 58*r - 63936. Is r prime?
True
Let t(z) = -3*z**2 + 16*z - 5. Let m be t(5). Suppose -4*i + 3*q = -16735, -i + 3*q + 0*q + 4186 = m. Is i composite?
True
Let l(g) = -g**2 - 13*g - 33. Let f be l(-5). Is f/105 - (-72914)/15 a prime number?
True
Suppose -5*f + 169 = -206. Let k(x) = -f*x**2 + 108*x**2 + 14 - 3 - 3*x. Is k(-5) prime?
False
Suppose -13*u = -11*u + p - 60178, 0 = 4*p. Is u prime?
True
Suppose 4*y + 44 = 15*y. Suppose 3713 = d + 3*m, -6*d + 3*d + y*m = -11178. Is d composite?
True
Suppose 4*w = 3*w - 7. Let u = 10 - w. Suppose 0 = -u*f + 13*f + 6244. Is f a prime number?
False
Suppose 2*z = 4*z + 1124. Is 3 - z - (1 + -7) composite?
False
Suppose -x = 21 - 17. Is x/(-30) + (-1288290)/(-450) composite?
True
Let f = 312 - 480. Let c be (-3 - (-2 - 7*66))*-1. Let h = f - c. Is h composite?
False
Suppose -2*d = -4*a - 208054, 2*d - 128850 = 3*a + 79207. Is d a prime number?
True
Let b be (-28)/3*-51 - -2. Let q be -3 - (2 + 2 - 4). Is b*(-3 + (q - -7)) composite?
True
Let i(k) = 5*k - 14. Let p be i(6). Let z = 19 - p. Suppose 176 = z*u + 2*f - 4*f, -2*u + 111 = 5*f. Is u a composite number?
True
Let i be (-3 + 20*-64)*-4. Let t = i + -1996. Suppose 2*a - f + 468 - 2033 = 0, -t = -4*a + 4*f. Is a a prime number?
False
Let k be (-1 - 5)*-8 + 2. Let y = -122 + k. Let o = y - -123. Is o composite?
True
Let h be -5 + 412*(1074/8)/3. Suppose -3*i + 5*n + h = 0, 8*n = 5*i + 13*n - 30680. Is i a prime number?
False
Let j = -19 - -22. Suppose 3*b - 18 = -t - 9, 0 = -b - 2*t + j. Suppose b*n - 1884 = 2*v - 5*v, -3*v - 2*n + 1879 = 0. Is v prime?
False
Suppose -165*k + 156*k + 80973 = 0. Suppose -5*t - 4*m = -14995, -2*t - 4*m = -5*t + k. Is t composite?
False
Let n(o) = 3*o**2 + 7*o + 4. Let v be n(-2). Let p(h) = 2*h - 3*h**3 + 2*h + 0*h**3 + 8*h**v + h - 5. Is p(-6) composite?
True
Let d = -535 - -529. Let a(l) = -3*l**2 - 7 - 4*l + 7*l**2 + 2. Is a(d) a composite number?
False
Let x(n) = -n**3 + 33*n**2 + 108*n - 1. Let p be x(36). Let z(m) = 7503*m**2 + 10*m. Is z(p) a prime number?
False
Let o(w) be the second derivative of w**5/4 - w**4/2 - 4*w**3 + 2*w**2 - 39*w. Is o(11) composite?
False
Let c = -4430 + 7611. Let q = 4676 - c. Let a = q + -360. Is a a composite number?
True
Let f(g) = -5*g + 570. Let o be f(0). Let u = 29 + o. Is u composite?
False
Let r = -100 + 100. Suppose r = -11*w + 5*w + 6690. Is w a prime number?
False
Let q = -112395 + 165394. Is q composite?
False
Suppose 5*r = x + 64, 40 = -r + 3*r - 4*x. Is 2/(r/6285) - (-4)/(-8) prime?
False
Let v = 83 + -79. Suppose v*x - 11446 = -c + 11721, -3 = -c. Is x prime?
True
Let a be (-4 - 1)*(-27)/45. Let n(t) = 1599*t**3 - 2*t**2 + 3*t - 2. Let i be n(1). Is (-8)/((-64)/i) - a/4 a prime number?
True
Let u = 1934882 - 1066663. Is u prime?
False
Let k(m) = 3*m**3 - 9*m**2 + 2*m - 6. Let q be 24/84 - 52/(-14). Let i be k(q). Let d = i - 44. Is d prime?
False
Suppose -r - 2*a = -59 + 7, 305 = 5*r + a. Let s = r + -63. Is ((-27)/54)/(s/978) a prime number?
False
Let k = 666 + -1072. Let g = -227 - k. Is g composite?
False
Let b = -211719 + 446684. Is b a prime number?
False
Let s = 171 - -515. Suppose -u - 5*b + 0*b + 254 = 0, 8*u - b - 1745 = 0. Let z = u + s. Is z a composite number?
True
Suppose 0 = 2*a + 5*n - 951186, 2*a - 5*n + 134570 - 1085796 = 0. Is a a prime number?
False
Let a(n) = -n - 22. Let c be a(10). Let x = -30 - c. Suppose -4*m + 2241 = 5*s, -x*s - 3*m + 434 + 461 = 0. Is s composite?
False
Let p = 586053 + -342982. Is p a composite number?
True
Suppose o + 4*o - 2*r - 428 = 0, o - r = 88. Is (o + 2)/((-30)/(-105)) a prime number?
False
Let y(o) = -4*o + 18. Let i be y(3). Suppose -108 = i*z - 15*z. Suppose z*b - 10483 = 14081. Is b a composite number?
True
Let p be 28/42 - 20/(-6). Let o = 263 - -7547. Suppose -3*v = -h - 4*h + o, v = p*h - 6241. Is h prime?
True
Let h(d) = -131*d**3 - 8*d**2 + 49*d + 33. Is h(-16) composite?
False
Let h = 20 - 17. Suppose 4*x = h + 9, 4*c - 2*x - 6 = 0. Suppose 519 - 1398 = -c*r. Is r prime?
True
Let k = -89 + 11. Let f = 82 + k. Is (18 - f)*(-113)/(-2) composite?
True
Suppose 4*j + 152 = 7*j + 4*w, 5*j + 4*w = 264. Suppose 2*f + j - 28 = 0. Is 200 + (2/(-4) - 21/f) composite?
True
Suppose 0 = -2*h + 4*d - 36, -6 = -4*h + 3*h - 4*d. Let q(t) = -10*t**2 + 17 + 0*t**3 - 10*t**3 + 4*t**3 + 3*t**3. Is q(h) a composite number?
False
Suppose 0 = -4*f - 5*w - 8358, -4*f - w - 8362 = 2*w. Let y = 7829 + f. Is y prime?
True
Let v be (-4)/6 + (-1)/3. Is (8571/(-15))/(v/5) a composite number?
False
Suppose 12 = -2*d, -2*h = -3*d - 532972 - 2247916. Is h composite?
True
Let k(x) = -x + 2. Let o be k(-4). Let m(h) = -45*h**3 + 3*h**2 + 6*h - 6. Let l be m(4). Is 1*9/o*-2 - l composite?
True
Suppose h - 6 = 3*b - 2*h, -b + 2*h = 3. Let m(z) be the first derivative of -293*z**2/2 + 6*z + 2. Is m(b) a prime number?
False
Suppose -173 = -2*w - 165. Let n(o) = 60*o**3 - 11*o**2 + 22*o - 3. Is n(w) composite?
True
Suppose -2*j + 12 - 4 = 0. Suppose 74 = j*r - 74. Suppose -3*m + r = -632. Is m composite?
False
Let h(r) = 18393*r**3 - 16*r**2 + 35*r + 19. Is h(3) a composite number?
True
Let b(o) = -19*o**3 - 12*o**2 + 9*o - 37. Is b(-9) a prime number?
False
Suppose -2*o + 4*y + 8196 = 0, -2*o + 8190 = 81*y - 87*y. Let k = 998 + 1233. Suppose 4*i - 4*w - 4740 = o, i - k = -4*w. Is i a prime number?
False
Let u(i) = 23*i**3 - 10*i**2 - 14*i + 21. Let v be u(9). Let a = 27410 - v. Is a prime?
False
Suppose 4*l + p = 76, 5*p = -3*l + 84 - 10. Suppose -22*u = -l*u - 10204. Is u a prime number?
True
Let p = 224688 - -41113. Is p prime?
False
Is (-23)/((-341913)/(-85479) - ((-33)/11 - -7)) a composite number?
True
Suppose 30*f + 1 = 29*f, 2*b = -4*f + 878262. Is b a composite number?
False
Let y = 858120 + -602521. Is y a prime number?
False
Is (4/18)/((-94)/(-70280181)) prime?
True
Let c(k) = -8*k**3 + 2*k + 2. Let p = 66 - 67. Let v be c(p). Suppose -v*m - 1221 = -11*m. Is m composite?
True
Let v(d) = -563*d - 23. Suppose -9*r - 84 = 24. Is v(r) prime?
True
Let y(v) = 36*v**2 - 63*v - 122. Is y(63) composite?
False
Let w(g) = 2*g**3 + 21*g**2 - 10*g + 15. Let h be w(-11). Suppose 6 = -5*i - h. Is 2249 - (i + 8/(-4)) composite?
True
Suppose -4*s = c - 3238, -2*s + 27*c = 24*c - 1612. Is s composite?
False
Suppose 41*h + 243502 - 1424425 = 0. Is h composite?
True
Is 0 + 4/(-18) - 17484733/(-1503) a prime number?
True
Suppose -4*b - 2 + 22 = 0. Suppose b = -5*d + 10*d. Is 221*d - 8/(-4) a prime number?
True
Is 541731 + -2 + 3 + -11 a composite number?
False
Is 1/((20/(-205805))/(-4)) a composite number?
False
Is 2411320/14 - 25/175 a composite number?
True
Suppose -4*m = -3*y - 4265, -y - 1430 = -7*m + 4*m. Let u = 3574 + y. Is u a composite number?
True
Let k(j) = -j - 1. Let i(y) = -y**2 - 21*y - 43. Let h(g) = -i(g) - 3*k(g). Let q be h(-22). Suppose 914 = q*a - 2*t, -2*a - 2*a - t = -1833. Is a composite?
True
Let f = -132 - -134. Let r be ((-141)/47)/((1*2)/f). Is 5 - (749 + r)*-2 composite?
True
Is 2/(-8) - ((-226866)/8 - -9) a prime number?
True
Let z(s) be the first derivative of -13*s - 5 + 5*s**2 + 1/2*s**4 - 6*s**3. Is z(12) a prime number?
True
Suppose 3*p + a - 21 = -3, 5*a - 12 = -2*p. Let n = 2 - 3. Is 92 + n - (8 - p) a composite number?
False
Let z be 3/(-12)*-28 - 1. Is 5/((2/26)/(z/6)) a prime number?
False
Is 47035/(3/3) - (-3 + -1)*1 a composite number?
True
Let j(y) = -y**2 + 7*y + 11. Let a be j(8). Let d(v) = -3*v**2 - 95*v**a + 2*v**2 + 1 + 0*v**2 + 404*v**3 - 2*v. Is d(1) a prime number?
True
Suppose -10*z = -107579 - 20561. Let u = z + -8317. Is u a composite number?
True
Let l be -1 + (-43278)/(-16) + 18/144. Let q = l - 1151. Let u = q + -766. Is u a composite number?
False
Let f = -9 + 22. Suppose 0 = -f*y + 35067 + 23264. Is y composite?
True
Let j(y) = -388*y - 5. Let g be j(-3). Let m = -800 + g. Is m composite?
False
Suppose 444286 - 79952 = 2*j. Is j a prime number?
True
Suppose 6*s + 13685 - 44477 = 0. Let y = s - 3271. Is y composite?
False
Let b(j) = j**3 + 16*j**2 - j - 12. Let o be b(-16). Suppose -o*i = 277 - 2345. Is i composite?
True
